4 (base 16) to base 8
-4
What is -144 (base 8) in base 9?
-121
Convert 270 (base 8) to base 5.
1214
What is 12 (base 13) in base 6?
23
210 (base 3) to base 4
111
7 (base 11) to base 2
111
Convert 306 (base 9) to base 7.
504
What is 13 (base 11) in base 16?
e
What is 1 (base 15) in base 5?
1
Convert 40 (base 15) to base 6.
140
Convert 101 (base 2) to base 7.
5
Convert 37 (base 14) to base 11.
45
-161 (base 7) to base 14
-68
-67 (base 16) to base 10
-103
What is 1000 (base 2) in base 15?
8
Convert -2 (base 6) to base 11.
-2
Convert 1102 (base 4) to base 13.
64
What is 3 (base 5) in base 8?
3
Convert b (base 15) to base 8.
13
131 (base 6) to base 3
2001
237 (base 8) to base 9
186
Convert -4 (base 8) to base 10.
-4
Convert 5 (base 15) to base 14.
5
0 (base 2) to base 6
0
What is -4 (base 5) in base 2?
-100
Convert 32 (base 15) to base 16.
2f
Convert -4 (base 15) to base 4.
-10
What is 0 (base 4) in base 9?
0
What is 8 (base 15) in base 13?
8
-212 (base 3) to base 7
-32
-1 (base 7) to base 3
-1
-1 (base 11) to base 2
-1
What is 6 (base 7) in base 8?
6
4 (base 11) to base 6
4
-5 (base 11) to base 12
-5
30 (base 7) to base 14
17
Convert -32 (base 8) to base 5.
-101
Convert 121 (base 9) to base 6.
244
Convert -d6 (base 16) to base 5.
-1324
Convert 76 (base 10) to base 4.
1030
205 (base 6) to base 15
52
311 (base 5) to base 8
121
What is 1 (base 12) in base 10?
1
Convert -25 (base 10) to base 2.
-11001
-1220 (base 3) to base 10
-51
What is -97 (base 13) in base 4?
-1330
214 (base 8) to base 12
b8
11 (base 6) to base 8
7
Convert 2 (base 15) to base 16.
2
-16 (base 14) to base 10
-20
What is 7 (base 14) in base 3?
21
What is -2 (base 4) in base 14?
-2
What is 22 (base 15) in base 14?
24
What is -1 (base 15) in base 6?
-1
Convert 10 (base 7) to base 9.
7
Convert -3b (base 15) to base 8.
-70
70 (base 13) to base 15
61
51 (base 9) to base 12
3a
Convert -6f (base 16) to base 9.
-133
What is -1 (base 6) in base 4?
-1
-1 (base 10) to base 6
-1
-126 (base 14) to base 10
-230
What is -43 (base 9) in base 15?
-29
Convert 1 (base 5) to base 6.
1
-2b (base 12) to base 2
-100011
Convert 17 (base 11) to base 8.
22
What is 6 (base 10) in base 5?
11
Convert -2 (base 8) to base 11.
-2
What is 2 (base 6) in base 2?
10
-7 (base 8) to base 13
-7
What is 1 (base 16) in base 4?
1
-5 (base 14) to base 7
-5
100100 (base 2) to base 10
36
What is 9 (base 10) in base 7?
12
What is 40 (base 6) in base 13?
1b
What is 1102 (base 3) in base 10?
38
Convert 0 (base 12) to base 7.
0
What is 12 (base 6) in base 3?
22
-101 (base 2) to base 3
-12
1010 (base 3) to base 4
132
What is -33 (base 5) in base 14?
-14
-101 (base 6) to base 9
-41
Convert 3 (base 5) to base 11.
3
8 (base 12) to base 9
8
What is 1 (base 11) in base 6?
1
32 (base 4) to base 12
12
-1 (base 12) to base 7
-1
13 (base 16) to base 7
25
What is 200 (base 10) in base 7?
404
What is -4 (base 11) in base 6?
-4
Convert -1100 (base 2) to base 4.
-30
-33 (base 7) to base 9
-26
-4 (base 13) to base 15
-4
Convert -100201 (base 3) to base 8.
-406
What is 2 (base 16) in base 5?
2
What is 12 (base 16) in base 10?
18
What is -2002 (base 3) in base 5?
-211
Convert 0 (base 10) to base 2.
0
What is -15 (base 12) in base 9?
-18
Convert 2 (base 6) to base 11.
2
Convert -1 (base 13) to base 10.
-1
Convert -12 (base 11) to base 7.
-16
-28 (base 13) to base 3
-1021
-95 (base 12) to base 11
-a3
What is -104 (base 8) in base 10?
-68
1112 (base 3) to base 5
131
What is 12 (base 3) in base 13?
5
Convert 2 (base 16) to base 2.
10
What is 5 (base 16) in base 11?
5
What is -bb (base 12) in base 16?
-8f
Convert -4 (base 9) to base 7.
-4
What is -10 (base 4) in base 15?
-4
Convert 10010000 (base 2) to base 11.
121
Convert 110 (base 2) to base 5.
11
3 (base 14) to base 12
3
Convert -36 (base 13) to base 2.
-101101
Convert 6 (base 9) to base 8.
6
-8 (base 15) to base 6
-12
What is 11 (base 13) in base 16?
e
What is -33 (base 12) in base 10?
-39
-5f (base 16) to base 5
-340
12 (base 4) to base 10
6
What is -2 (base 10) in base 6?
-2
-12 (base 11) to base 9
-14
-78 (base 16) to base 14
-88
-28 (base 10) to base 14
-20
41 (base 11) to base 12
39
10 (base 2) to base 4
2
What is 154 (base 6) in base 14?
50
Convert b (base 15) to base 3.
102
Convert -3 (base 16) to base 15.
-3
-8 (base 10) to base 5
-13
Convert 2 (base 16) to base 6.
2
What is 2 (base 10) in base 15?
2
-3 (base 5) to base 9
-3
What is -4 (base 7) in base 9?
-4
What is 11 (base 3) in base 2?
100
-2b (base 13) to base 6
-101
-157 (base 9) to base 5
-1013
Convert 77 (base 9) to base 11.
64
Convert -1002 (base 3) to base 9.
-32
21 (base 4) to base 15
9
6 (base 13) to base 4
12
What is 1100110 (base 2) in base 6?
250
What is 2 (base 15) in base 6?
2
-16 (base 8) to base 6
-22
132 (base 7) to base 10
72
Convert -1 (base 15) to base 10.
-1
Convert -76 (base 8) to base 11.
-57
Convert -1 (base 8) to base 15.
-1
What is 51 (base 16) in base 14?
5b
What is 9 (base 14) in base 9?
10
-25 (base 14) to base 13
-27
What is 56 (base 10) in base 11?
51
Convert -10 (base 11) to base 14.
-b
What is 10 (base 11) in base 13?
b
Convert 3a (base 15) to base 2.
110111
17 (base 11) to base 7
24
Convert -228 (base 11) to base 14.
-156
10 (base 3) to base 13
3
Convert 3 (base 13) to base 11.
3
16 (base 12) to base 5
33
What is -35 (base 10) in base 12?
-2b
-2 (base 15) to base 5
-2
What is 10 (base 8) in base 16?
8
-2 (base 15) to base 13
-2
372 (base 8) to base 9
307
What is -211 (base 4) in base 7?
-52
Convert -100100 (base 3) to base 4.
-3330
-54 (base 7) to base 13
-30
2 (base 9) to base 8
2
Convert 6 (base 7) to base 8.
6
What is -514 (base 7) in base 15?
-121
Convert -10 (base 11) to base 10.
-11
What is 0 (base 8) in base 11?
0
Convert -202 (base 5) to base 16.
-34
7 (base 9) to base 6
11
What is 4 (base 15) in base 7?
4
What is 1 (base 9) in base 6?
1
78 (base 10) to base 16
4e
What is -111 (base 2) in base 9?
-7
Convert 101 (base 2) to base 13.
5
1110 (base 2) to base 13
11
Convert 11 (base 7) to base 12.
8
12 (base 3) to base 6
5
-101001 (base 2) to base 6
-105
What is -1 (base 16) in base 3?
-1
-21 (base 5) to base 15
-b
What is -11 (base 3) in base 7?
-4
Convert -10 (base 16) to base 3.
-121
7 (base 9) to base 2
111
What is 20220 (base 3) in base 6?
510
Convert -1000 (base 2) to base 9.
-8
Convert 11 (base 16) to base 11.
16
What is -b3 (base 16) in base 10?
-179
Convert -12 (base 6) to base 14.
-8
3221 (base 4) to base 8
351
What is 332 (base 5) in base 12?
78
Convert 303 (base 6) to base 13.
87
1 (base 10) to base 12
1
What is -3d (base 16) in base 11?
-56
What is -20 (base 5) in base 2?
-1010
Convert 2a (base 13) to base 14.
28
What is -10 (base 9) in base 13?
-9
What is 220 (base 3) in base 12?
20
What is -42 (base 13) in base 2?
-110110
-25 (base 16) to base 5
-122
Convert 21 (base 3) to base 15.
7
142 (base 5) to base 8
57
What is -11 (base 11) in base 2?
-1100
10 (base 2) to base 7
2
5 (base 14) to base 6
5
Convert -10 (base 2) to base 11.
-2
What is 2 (base 13) in base 11?
2
1 (base 7) to base 9
1
-4 (base 9) to base 12
-4
14 (base 6) to base 12
a
Convert -6 (base 12) to base 13.
-6
What is 2c (base 13) in base 9?
42
What is -202 (base 6) in base 14?
-54
-51 (base 6) to base 4
-133
What is 0 (base 8) in base 6?
0
8 (base 15) to base 11
8
What is 8 (base 14) in base 9?
8
-332 (base 5) to base 10
-92
What is 179 (base 13) in base 2?
100001101
What is -5 (base 15) in base 13?
-5
What is -112 (base 3) in base 12?
-12
What is -2 (base 3) in base 6?
-2
What is 6 (base 9) in base 7?
6
What is -1 (base 3) in base 12?
-1
What is -1 (base 8) in base 11?
-1
Convert -4 (base 6) to base 12.
-4
Convert 7 (base 13) to base 3.
21
Convert -21 (base 5) to base 6.
-15
What is 1 (base 8) in base 12?
1
What is -21 (base 8) in base 11?
-16
Convert -1001 (base 2) to base 6.
-13
1b (base 15) to base 9
28
Convert -6 (base 16) to base 9.
-6
Convert -3 (base 11) to base 3.
-10
-56 (base 15) to base 11
-74
What is -15 (base 8) in base 7?
-16
Convert -1110001 (base 2) to base 4.
-1301
231 (base 7) to base 12
a0
What is 102 (base 5) in base 4?
123
Convert -2 (base 7) to base 16.
-2
Convert 225 (base 7) to base 3.
11100
3 (base 7) to base 11
3
What is 2a (base 16) in base 2?
101010
What is -1 (base 3) in base 2?
-1
-5b (base 